-6) prime?
False
Suppose 2*q = -5 + 3, -17 = 2*w - q. Is (-3)/w*(0 - -885) prime?
False
Suppose 0 = -5*v + 959 + 4966. Let t = -318 + v. Suppose 5*m - m - 1156 = -4*o, -t = -3*o + 3*m. Is o prime?
False
Let n(c) = 310*c**2 - 6*c - 5. Is n(5) a composite number?
True
Suppose 109 + 65 = p. Let c(d) = 16*d**2 - 2*d - 5. Let u be c(-6). Let l = p + u. Is l a prime number?
True
Suppose -2*v - 3*g + 19324 = 1487, -2*g = -5*v + 44621. Is v a prime number?
True
Let c(d) = -d**2 - 7*d - 3. Let w be c(-6). Let h be (22 + 4)*w/(-6). Let v(t) = -t**2 - 16*t + 18. Is v(h) a prime number?
False
Suppose 9470 = 2*n - 2436. Is n composite?
False
Suppose 4*o = 17505 + 5787. Suppose -o = 3*p - 12*p. Is p a composite number?
False
Suppose 0 = -8*p + 9413 + 8483. Is p a prime number?
True
Suppose 9*f - 25 = 4*f + 3*k, 3*f + k = 1. Suppose 2*a + v - 1838 = -a, 0 = f*v - 10. Is a a composite number?
True
Let u = 2291 - -3252. Suppose -w - 4*w = -a - 13815, 2*w = -3*a + u. Suppose 0*k + 4*k - 2*x - w = 0, 0 = 4*k - 4*x - 2764. Is k prime?
True
Suppose 0 = 4*z - 9*z + 25. Suppose 3*c - 150 + 38 = -x, 25 = -z*c. Is x a prime number?
True
Let m be (-170)/(-51) + 4/6 - -61. Let z = 75 - m. Is z composite?
True
Suppose v = 27 - 17. Suppose -5*i = 2*c - 1665, -3*c = -5*c + v. Is i composite?
False
Let s = 61 + -56. Suppose -8318 = -s*f + 2567. Is f a prime number?
False
Let p = 32468 + -15930. Is p a composite number?
True
Let g(o) = -2388*o + 37. Is g(-7) composite?
True
Let s(v) be the third derivative of v**5/5 - 5*v**4/24 - 31*v**3/6 - 29*v**2. Is s(-6) a composite number?
False
Let g be (-12)/(-8)*(-8)/(-3). Suppose 3*u - 25 = g*h, 3*u = 5*h + 20 + 9. Suppose 4*a + 1 = 3*a, -u*a + 673 = 4*q. Is q a prime number?
False
Let n(k) = -17*k**3 - 6*k**2 - 20*k - 30. Is n(-7) a composite number?
False
Let r = 138 + -135. Let d be 1 - 1 - 2 - -2980. Suppose 947 = -r*x + d. Is x a composite number?
False
Let n = -2587 - -4894. Is n a prime number?
False
Let v(q) be the third derivative of -5*q**5/3 + q**4/6 - q**3/6 + 3*q**2. Let a be v(6). Is a/(-28) + 3/(-4) a prime number?
True
Is -2*(-1)/4 - 29823/(-6) prime?
False
Suppose 5*s + 4*w = 60446, 4*w = -w + 20. Is s composite?
True
Let z = -327 + 5086. Is z prime?
True
Let n(w) = 139*w**2 - 19*w + 73. Is n(4) a prime number?
True
Let d be (-18)/12*40/(-15). Suppose -10944 = -4*b + 2*s, -4*b - d*s = -3*s - 10938. Is b composite?
True
Let d(c) = c**3 - 15*c**2 + 12*c + 18. Let x be d(14). Let f be (x + 9)/(1/(-13)). Is (-2 - -1)*f*-37 composite?
True
Let f = -734 - -2787. Is f prime?
True
Is (-3 + 1)/(-10*(-13)/(-192595)) composite?
False
Suppose 8*w = -711 + 35303. Suppose i + 5*y = 2151, -2*y + w = 2*i - 3*y. Is i prime?
True
Suppose 70869 = 4*o + 13793. Is o a composite number?
True
Is 113513/7 + 414/483 composite?
False
Let i(n) = 1526*n - 345. Is i(8) a prime number?
True
Suppose -2*t + 5*h = -207, 0*t + 4*h = -4*t + 428. Is t composite?
True
Suppose -4*a - 7*k + 4*k + 34625 = 0, 4*a - 34631 = -5*k. Is a composite?
True
Is (-16 - -17)/(3*3/126963) a prime number?
True
Let r(k) = -7*k + 13*k + 2 + 0. Let w be r(1). Is ((-436)/w)/(3/(-6)) a prime number?
True
Let h = -53 - 36. Let t = 468 - h. Is t a composite number?
False
Let c(l) be the second derivative of 29*l**4/6 - 2*l. Is c(-1) a composite number?
True
Let g = 15 - 12. Suppose -g*h - 174 = -1263. Let q = h - 218. Is q a composite number?
True
Suppose -6 = -8*c + 5*c. Suppose -5*f + m + 976 = -f, -235 = -f - c*m. Let a = f + -132. Is a a prime number?
False
Suppose 0 = -2*a - o + 6492, 2*a - 6*a - 5*o + 12978 = 0. Is a prime?
False
Suppose l - 3*l - 3*w = -6, 4*l = -4*w + 8. Suppose l = -5*u + 3924 - 179. Suppose -2*y - u = -3*y. Is y a composite number?
True
Let r(g) = 16*g + 10. Let i be r(-5). Let j = 883 - i. Is j prime?
True
Let s be 4/1*6/(-4). Let w = s - -13. Let z(d) = 12*d + 3. Is z(w) composite?
True
Suppose -5*q - 3*c = -750, 5*q - 3*c - 710 = 2*c. Let t = q - -896. Is t a prime number?
False
Suppose -3*a - 3*a = -2*a. Suppose a = -5*q + 2713 + 252. Is q a prime number?
True
Suppose -z + 9 = -2*v, -z + 5*z + v = 9. Suppose -3*n = 5*a - 2332, -z*n + 4*a + 3120 = n. Is n a composite number?
True
Let j = -12 - -14. Suppose j*m = 4 - 0. Is (3/(-6))/(m/(-124)) prime?
True
Let z(a) = 2*a - 17. Let k be z(8). Suppose 7*t + 30 = 2*t. Is (t/(-8))/(k/(-68)) a composite number?
True
Suppose 1 - 6 = -5*p. Is (-2 - -1)/((-4)/(p - -387)) a composite number?
False
Suppose 29 = 3*m - 4*q, m + q - 4 = -2*m. Suppose -3*f = -3*x + 12, 0 = -0*x + 2*x + 5*f + 6. Is 58*(m + 1/x) prime?
False
Let m(g) be the first derivative of -55*g**4 + 2*g**3/3 + g**2 + g + 13. Is m(-1) a composite number?
True
Let u = -10 + 16. Let j be 3954/10 + (-2)/5. Suppose 0 = q - u*q + j. Is q composite?
False
Let z(w) = 18647*w**3 + w**2 - 1. Is z(1) composite?
True
Suppose 7236 = -0*l - 4*l. Is ((-1)/3)/(9/l) composite?
False
Let h be ((-3)/2)/((-3)/8). Let w(z) = 6*z + 7. Let t(o) = o**2 + 1. Let g(m) = h*t(m) + w(m). Is g(6) composite?
False
Suppose 0 = -x + 3 - 7. Let h be (-555)/x - (-3)/12. Suppose -4*m + 81 = -h. Is m a prime number?
False
Let k = -1203 - -1780. Is k composite?
False
Suppose 759*z = 764*z - 17855. Is z a prime number?
True
Suppose 0*v = -v + 4177. Is v a composite number?
False
Let l(k) = 436*k - 9. Is l(7) composite?
True
Let t(x) = -83*x - 101*x + 62*x. Let l(f) = -f + 1. Let d(c) = 3*l(c) + t(c). Is d(-2) composite?
True
Let k(r) = -3*r**3 + 2*r**2 + 22*r - 8. Is k(-5) a composite number?
False
Let i(v) = 5*v**3 + 3*v**2 + 15*v + 8. Let m be i(-6). Let p = -377 - m. Is p a composite number?
False
Let c(r) = 138*r**2 + 32*r - 19. Is c(-9) a composite number?
True
Suppose 0 = -383*a + 388*a - 37965. Is a a prime number?
False
Let y be 5/2*(-2 + (0 - 0)). Let f(z) = -4*z + 17. Is f(y) prime?
True
Let a = -495 + 1858. Is a a composite number?
True
Let l(a) = 7*a**2 + 14*a - 23*a + 1 + 10*a + 0. Is l(-4) a composite number?
False
Let c = 272 - 44. Let x = c - -25. Is x a composite number?
True
Let w(d) = -53*d - 27. Let u be -3*1 - 21*(-4)/(-12). Is w(u) a composite number?
False
Suppose 0 = 5*r - 4511 - 9014. Is r a composite number?
True
Let w = 157 + -1001. Is (-1)/((-3372)/w + -4) prime?
True
Let r(f) = 3*f. Let h be r(17). Let j = h + 88. Is j a prime number?
True
Let c be 2 - 44/(4/1). Let q(k) = k**2 + 9*k - 3. Let p be q(c). Let u(i) = 79*i**2 - 2. Is u(p) a composite number?
False
Let g be ((-36)/(-6))/(2 - 1). Suppose 3*p = g*p - 5919. Is p a composite number?
False
Suppose -28299 = -3*n + 2*a, 5*a - 5490 = n - 14936. Suppose -7*f + 2*f = 4*x - n, 0 = 4*x - 5*f - 9441. Is x prime?
False
Suppose 9*n - 2*n - 1911 = 0. Suppose -6*h + n = h. Is h a composite number?
True
Suppose 0 = -2*l + c + 2, -3*l + 17 = -c + 3*c. Suppose 3*i - 4*i = 2*q - 221, 0 = -l*q. Is i a composite number?
True
Suppose 2*n - 3*k - 1886 = 2*k, 2*n + k - 1910 = 0. Is n composite?
False
Let k(v) = -3*v**2 + 8*v + 2. Let a be k(-4). Is (-1)/3 - 16952/a a composite number?
True
Let b(o) = 74*o**2 - 26*o + 45. Is b(-13) a prime number?
True
Let t(r) = 7*r**2 + 7*r - 5. Suppose -3 = -2*g + 2*k - 5, 5*g = 2*k - 20. Let d = g - 0. Is t(d) a composite number?
True
Suppose -3*m - 3*b = -2*m - 44, 108 = 3*m + 3*b. Let k = 339 - m. Is k a composite number?
False
Suppose -4*u + u = 0. Suppose -k + 4*d = -1069, 2*d = -5*k + 6105 - 694. Suppose u = 4*o - k + 189. Is o a prime number?
True
Let q be -1 + -7138 + -3 + 4. Let d = q + 10341. Is d prime?
True
Let u = -279 - -2458. Is u composite?
False
Let l be 14/(8/4) + -1. Suppose 2*w - 9 = y + l*w, -5*w - 9 = 2*y. Suppose 0 = -y*t + r + 859, -2*r - 278 - 579 = -3*t. Is t a composite number?
True
Is (2/(-7))/(92/(-7737338)) a prime number?
True
Let u(o) = 4824*o + 437. Is u(15) prime?
True
Let j = -3104 + 9945. Is j a prime number?
True
Is -3 - 70*4*(-233)/10 a composite number?
False
Let z = -351 + 56. Suppose -4*h - 840 = -4*t, 319 = -4*h - 5*t - 485. Let c = h - z. Is c a prime number?
True
Is 403463/(-166)*(0 + -6) prime?
False
Suppose 0 = x + 4*l + l - 6327, -6335 = -x - 9*l. Is x composite?
False
Let j = -12 - -14. Suppose 0*u - j = -u, -2*i = 2*u - 4202. Is i a prime number?
True
Suppose 8*u + 465 = -295. Let w = u + 562. Is w prime?
True
Suppose -57*k + 2